- 299*a. Calculate p(m).
6
Let g(d) = -d + 29. Let s be (-7)/((-315)/30)*225/6. What is g(s)?
4
Let o be (-1 + 3/2)*4. Suppose -o*k + 20 = -a, 4*k + a - 31 = 3. Suppose -48 = -k*q + 3*q. Let p(j) = j**2 - 7*j - 5. Determine p(q).
3
Suppose -5*s + 156 = y + 167, 5*y + 27 = 3*s. Let k(u) = -8*u + 3. Give k(y).
51
Let b(g) = g**2 + 2*g + 2. Let p be b(-3). Suppose 0 = -4*f - 7 - p. Let r(t) be the third derivative of t**5/60 + 5*t**4/24 + t**3/2 + 1524*t**2. Give r(f).
-3
Let d(k) = -k**2 + 3. Let s(m) = -m**3 - 11*m**2 - 9*m + 17. Let j be s(-10). Suppose -4*i + 9 = -0*w - w, -4*i - w = -j. Determine d(i).
-1
Let i(g) = 43 - 176*g + 55*g + 51*g + 60*g + 38. Calculate i(8).
1
Let t(c) be the third derivative of -1/180*c**6 + 0*c - 1/24*c**5 - 2*c**3 + 0 + 1/8*c**4 - 21*c**2. Let b(w) be the first derivative of t(w). Give b(-4).
-9
Let t(a) = -a**3 - 7*a**2 - a - 5. Suppose -5 = -67*x - 340. Give t(x).
-50
Suppose 6*x - 292 = -76. Suppose -99*n + x = -93*n. Let g(b) = -b**2 + 5*b + 2. Calculate g(n).
-4
Let w(s) = -s**2 - 13*s - 4. Let a be w(-13). Let t(r) = 3*r - 5*r + 1 + 5*r. What is t(a)?
-11
Let u = 557 - 553. Let h(t) = 6*t**3 + 6*t**3 + 1 + t**2 + u*t**3 - 2*t**2 + 10*t**3. What is h(-1)?
-26
Let o(p) = 2*p**3 - 4*p**2 + 5*p - 4. Let q be o(2). Suppose -4*z + 22 - q = 0. Let s(j) = -31*j + 17*j + j**2 + 12*j - 1. What is s(z)?
7
Let v(u) be the first derivative of -42*u**2 + 155*u + 2557. Calculate v(2).
-13
Let l(p) = 4*p + 49. Let r be (-28)/(-5)*(85/10 + -11). Determine l(r).
-7
Let m(y) be the first derivative of y**3/3 + 6*y**2 + 31*y - 946. What is m(-6)?
-5
Let g(n) = -7*n**2 - 2*n - 16. Let t(p) = 2*p**2 + 2. Let m(a) = -g(a) - 6*t(a). Give m(4).
-68
Let n be 0 + (121/22 - (-3)/(-2)). Suppose 8*x + j = n*x - 16, 3*j + 12 = 0. Let r(p) = -3*p**2 - 3*p + 1. Determine r(x).
-17
Let p = 942 - 944. Let j(v) = 10*v + 8. Let z(o) = o + 1. Let s(k) = 2*j(k) - 14*z(k). Give s(p).
-10
Let u be 144/63 - 2 - 24/(-14). Let x(y) be the first derivative of -y**4/3 + y**3/2 - y**2/2 + 3*y + 3. Let l(n) be the first derivative of x(n). Give l(u).
-11
Let i(l) = -l**3 + 6*l**2 - 3*l - 1. Suppose -14*r + 359 - 289 = 0. Give i(r).
9
Suppose z - 42 = 4*c - 4, -5*z + 20 = -3*c. Let q(m) be the first derivative of m**4/4 + 3*m**3 - 11*m**2/2 - 15*m + 521. Determine q(c).
-5
Let w(h) = -h**2 + 20*h - 5. Let u be w(19). Suppose i + 4*b = -0*i + u, 5*b = 15. Let s(l) = 8 + 2*l + 3 + 5 + 2*l**i - 18. Give s(-3).
10
Let a(y) = y**3 - 6*y**2 - 9*y. Let q(w) = w**3 - 67*w**2 + 209*w - 1082. Let o be q(64). Calculate a(o).
-54
Let i(x) = 12*x**2 + 210*x - 287. Let n(y) = -7*y**2 - 140*y + 197. Let b(h) = -5*i(h) - 8*n(h). Calculate b(15).
9
Let d(j) be the third derivative of j**6/120 - 7*j**5/30 + j**4/4 - 8*j**3/3 + j**2 - 66*j. Calculate d(14).
68
Let k(w) = -w**3 + 8*w**2 - 5*w - 7. Suppose -3*q + 0*q + 66 = 0. Let b = q + 18. Let x = b + -33. What is k(x)?
7
Let v(z) = 13*z**2 - 1 + 3*z - z - 4*z. Let y = -20255 - -20254. Calculate v(y).
14
Let p(w) be the second derivative of w**5/20 - w**4/2 + w**3/6 + 5*w**2/2 + 2*w - 83. Suppose -a - 4*z + 21 = 0, -3*a + a = -5*z + 10. What is p(a)?
-15
Let p(g) = 7*g - 3. Let m be p(2). Let z(j) = 323*j**3 - 322*j**3 + 8 + 5*j**2 - m*j**2 + 2*j. Suppose 65*k - 240 = 25*k. What is z(k)?
20
Let j = 387/140 - 88/35. Let a(b) be the first derivative of 6 - 6*b + j*b**4 + b**3 - 2*b**2. Calculate a(-4).
-6
Suppose -5*m = -10*m + m. Let q(g) = m*g + g**2 + g + 12 + 4 - 12. Determine q(-3).
10
Let i be (-2)/(-9) + (-282)/54. Let o(b) be the third derivative of b**6/120 + b**5/15 - b**4/8 + 540*b**2. What is o(i)?
-10
Let h(d) = -12*d + 5. Let b be (-206)/3399 + (-4)/(-66). Give h(b).
5
Let w(t) be the third derivative of -19*t**4/24 - t**3 - 8*t**2 - 3*t. What is w(0)?
-6
Suppose 0*i - 3*i = -2*u + 27, 0 = -i - 2*u - 1. Let v(h) = 0*h - 9*h + 7*h + 2*h - 20 - 2*h. Let f be v(i). Let p(b) = -b**2 - 5*b - 5. What is p(f)?
-11
Let j be 344/(-1204)*70/(-4). Let b(o) be the first derivative of o**3/3 - o**2 - 3*o - 12. Determine b(j).
12
Let u(m) = 7871*m + 89 + 7867*m - 15732*m. Calculate u(-15).
-1
Let y be (-1)/5 - 81/135*38/6. Let b(h) = 0*h**3 - 4*h**2 - h**3 + 3 + 0*h**3. Calculate b(y).
3
Let i = 31 - 26. Suppose -4*j = -i - 15. Let y(z) = -6*z**2 - 28*z**3 - 6 - 33*z**3 + j*z + 62*z**3. Determine y(5).
-6
Suppose 2*j = -0 - 4. Let n be 4 - 1/(4/32). Let s be 4 + (j - (-8)/n). Let c(x) = x**3 - x + 3. Give c(s).
3
Let k(l) = -l**2 + 7*l - 4. Suppose m - d - 172 = 2*d, 681 = 4*m - 5*d. Let x = m - 165. Give k(x).
8
Let z be 330/77 - (-4)/(-14). Suppose 1 - z = -3*a. Let o(x) = 1 - 639*x - 647*x + 1291*x. Give o(a).
6
Let b(n) = -9*n**3 + n**2 + 3*n + 2. Let i be (-1)/(0 - 63/(-77) - 4/(-22)). What is b(i)?
9
Let z(f) = -2*f**3 + 3*f**2 - 2. Let w(t) = 24*t**3 - 38*t**2 - 7*t + 27. Let l(a) = -w(a) - 11*z(a). What is l(5)?
-95
Suppose -20 = -q - q + s, 0 = -3*q + s + 28. Let l(h) = h**3 - 4*h**3 + 2*h**3 + q*h**2 - 8*h + 2. Determine l(7).
-5
Let g(z) = 131 + 185 - z**3 - 321. Determine g(-2).
3
Suppose -2*m = -3*m + 4*k + 21, 3 = -m - 2*k. Let z(h) = -1 + 4*h**2 - 5*h**2 - m*h - 2. Suppose -897*o + 3 = -901*o + 3*a, -3*o - 25 = a. Calculate z(o).
-9
Let z(u) = 1 + 5*u**3 + 1533*u + 1 - 1540*u - 3*u**3. Calculate z(2).
4
Suppose 4*l - 42 = -3*l. Let a(n) = -46*n**3 - 5*n**2 + 47*n**3 + 376*n - 381*n. Calculate a(l).
6
Let i be (-3 - 4)/(-4 - -3). Suppose 8*k = i*k + 7. Let l(x) = x**2 - 7*x - 1. Calculate l(k).
-1
Let w(h) = h**3 - 5*h**2 - h + 7. Suppose -2*o + 37 = -3*o. Suppose b + 7 = -2*l + 41, 2*l - 118 = -3*b. Let r = b + o. Give w(r).
2
Let w(l) be the third derivative of -l**4/24 + 5*l**3/2 - 3*l**2 + 16. Let u be -2 + 4 + 23 + -10. What is w(u)?
0
Let s(k) = -k**3 - 2*k + 2. Suppose 3*p + 5*b - 1 = 3, -5*b - 44 = -3*p. Suppose -4*q = -f + 6, 2*q - 6 + p = f. Let m be f/(-9) - (64/36)/(-1). What is s(m)?
-10
Let u(x) = 3*x + 3. Let h(p) be the third derivative of p**6/60 - 3*p**5/20 - p**4/8 - 7*p**3/6 + p**2 - 24*p. Let c be h(5). Calculate u(c).
12
Let t be (7 + 2)/(-10 - -13). Suppose -4*z - t*p + 45 - 1 = 0, -4*p = -z + 30. Suppose 3*c + z = -10. Let n(i) = i**2 + 7*i + 3. Give n(c).
11
Let w(u) = 86*u - 1. Let c(t) = -217*t + 3. Let q(y) = 4*c(y) + 11*w(y). Calculate q(-1).
-77
Let d be (-2)/14 + 0 + (-387)/(-63). Let t be 3/((-27)/d) - 10/(-6). Let x(c) = 8*c**2 + 1. Let u(l) = l. Let o(f) = 2*u(f) - x(f). What is o(t)?
-7
Let k = -84794 + 84792. Let b(v) be the third derivative of v**6/30 + v**5/20 + v**4/24 - v**3/3 - v**2. Determine b(k).
-24
Let c(t) be the second derivative of t**5/20 - 11*t**4/12 + t**3/6 - 8*t**2 + 3*t - 37. Suppose r + 22 = 2*x - 5, 13 = 3*x + 4*r. What is c(x)?
-5
Let u(m) = m**3 + 12*m**2 - 29*m - 11. Let f be u(-14). Suppose f*p = -10 - 2. Let y(q) = 2*q**2 + 7*q + 5. Calculate y(p).
9
Let m(g) = -3*g - 5. Let s(k) = -k**2 + 3*k + 6. Let l(r) = -6*r - 249 + 254 + 4*r**2 - 3*r**2. Let t be l(6). Let x be s(t). Give m(x).
7
Let r(c) = -22 - 15*c + 73 - 34*c - 41 + 6*c**2. Determine r(8).
2
Let c(f) = 13*f**3 + 2*f**2 + 2*f + 1. Let o be (1 - 1) + 0 + 4. Let y be (-14)/28 + o/(-8). Determine c(y).
-12
Let m(y) be the third derivative of -y**4/24 + y**3/6 - 2*y**2. Let s = -274 + 276. Determine m(s).
-1
Suppose -17*i - 28 = y, 28*y = 32*y + 5*i - 14. Let a(v) = -2*v**3 + 10*v**2 + v + 14. What is a(y)?
-52
Suppose -16 = -23*x + 53. Let b(p) = 200*p + 209*p - 10*p**2 - 402*p + p**x. What is b(9)?
-18
Suppose 144*i = 156*i - 24. Suppose i*v = 31*v - 116. Let c(f) = -f**3 + 2*f**2 + 5*f + 3. Determine c(v).
-9
Let l(f) be the first derivative of f**2/2 + 29*f - 6811. Determine l(-25).
4
Let g(s) be the third derivative of -s**5/60 - s**4/24 + s**3/6 - 3*s**2. Suppose 5*d - 4*d = -2*k, 5*k + 7 = d. Let l be (-1)/3*6*(0 + k). Calculate g(l).
-5
Let m = 218 - 215. Suppose 3*f + 5*s = 3*s + 2, -3*s = 5*f - m. Let j(u) = -u**2 - u + 18. Determine j(f).
18
Let q(v) = 58 + 12*v - 15 - 2138*v**2 + 2137*v**2. Give q(15).
-2
Let t(c) = -27*c**2 - 10*c - 32. Let d(a) = -26*a**2 - 8*a - 27. Let j(w) = 6*d(w) - 5*t(w). What is j(1)?
-21
Let u(l) = -l**3 + 5*l**2 - 7*l + 4. Let p(t) be the first derivative of -t**4/4 + 2*t**3 - 4*t**2 + 5*t - 34. Let j(q) = 6*p(q) - 7*u(q). Determine j(-2).
-4
Let x